of s?
3, 83
Suppose h - 2*h - 2*z + 81 = 0, 336 = 4*h + 5*z. List the prime factors of h.
89
Let b(c) = -6*c**3 + 5*c**2 + 7*c - 1. Let j(t) = -7*t**3 + 4*t**2 + 6*t - 1. Let l(f) = 4*b(f) - 5*j(f). What are the prime factors of l(1)?
2, 5
Let o be ((-6)/(-9))/(4/(-6)). List the prime factors of o - 1 - 55/(-5).
3
List the prime factors of (3 - (-4 + 5)) + 66.
2, 17
Let v be (1/2)/((-2)/8). Let z = v - 14. What are the prime factors of (3/(-2))/(6/z)?
2
Suppose k + 2 = -3*q + 19, -2*k + 10 = 0. List the prime factors of q.
2
Let n = 45 - 19. Suppose -4*g + n = -18. List the prime factors of g.
11
Let h = -9 - -9. Suppose 5*r - 61 - 109 = h. List the prime factors of r.
2, 17
Suppose -5 = -3*n + 7. Suppose -34 = -4*l + 2*r, 2*r - 31 = -n*l + 23. Let j = l + -4. What are the prime factors of j?
7
Let o = 5 + -1. Suppose -3*t = o*p - 17, 2*t = -5 - 5. What are the prime factors of p?
2
Suppose -10*l + 120 = -7*l. List the prime factors of l.
2, 5
Let y = -19 - -97. List the prime factors of y.
2, 3, 13
Suppose 6*m - 237 = -4*l + 3*m, -3*m = 5*l - 294. What are the prime factors of (-1)/(l/(-27) + 2)?
3
Suppose 2*o + 5*d = 294, 5*d - 108 = 3*o - 524. What are the prime factors of o?
2, 71
What are the prime factors of 6/(-33) + 2656/88?
2, 3, 5
Let q(s) = s**3 - 6*s**2 - 5*s + 5. List the prime factors of q(8).
3, 31
Let p be (-10)/(-60) + (-19)/6. Let q = p + 10. What are the prime factors of q?
7
Let o(i) = i**3 - 2*i**2 + i. Let d be o(1). Let p(f) = -f + 3. What are the prime factors of p(d)?
3
Suppose -16*b + 642 = -13*b. What are the prime factors of b?
2, 107
Let d = 13 - 9. Let c(q) = 2*q - 11. Let r be c(13). Suppose d*l - r = -z, l - 6*l = z - 20. List the prime factors of l.
5
What are the prime factors of ((408/15)/(-2))/(8/(-20))?
2, 17
Let p(z) = z**3 - z**2 - z. Suppose 2 = 2*j - j. Let t be p(j). Suppose -q + 24 = t*m - 5*m, -5*m - 56 = -3*q. What are the prime factors of q?
2, 3
What are the prime factors of ((-38)/(-10))/(1/5)?
19
Suppose 5*o = 4*o - 2. Let i = o + 11. List the prime factors of i.
3
Let l(o) = -o**3 - 5*o**2 - 2*o - 5. Let h be l(-5). Let y = 11 + h. List the prime factors of y.
2
Let w(z) = 8 - z**2 - 2*z**2 - 7*z + 4*z**2. What are the prime factors of w(8)?
2
What are the prime factors of 4/3*(-78)/(-4)?
2, 13
Let w = -11 - -4. Let s = w - -4. List the prime factors of (-1 + 0)*(s + -1).
2
Suppose 0 - 2 = w, 0 = -5*x - 3*w + 49. Let b = x + 14. What are the prime factors of b?
5
Let u be (-7 + 1)*(0 + -1). Let j be (11 - 13) + 10/2. Suppose -u*z = -j*z - 24. What are the prime factors of z?
2
Let u = -18 - -24. Let z(c) = -2*c**2 + 15*c - 8. What are the prime factors of z(u)?
2, 5
Suppose f = -2*f. Suppose f = -3*p + 8 + 4. Suppose -g = -p*g + 36. What are the prime factors of g?
2, 3
Let i = 27 - 22. List the prime factors of i.
5
Suppose -2*y + 25 = 2*l - y, 5*l = -y + 61. Suppose -16*d + 8 = -l*d. Suppose f - 5*f + 2*u = -86, 5*f + d*u - 103 = 0. What are the prime factors of f?
3, 7
Suppose 2*y - 3 = g, y - g + 9 = 3*y. Suppose m - 5 = -y. What are the prime factors of m?
2
Let r = 2 - 3. List the prime factors of r*(-3 - -4) + 30.
29
Suppose 5*a = 3*a + 8. List the prime factors of a/22 - (-952)/88.
11
Let j(p) = 3*p - 3. Let i be 37/7 - 4/14. What are the prime factors of j(i)?
2, 3
Let z(j) = -j**3 - 4*j**2 + 7*j. Let u be z(-5). Let b = u - -15. Suppose 4*c = -4*g + 6 + 34, -c - b*g = -10. What are the prime factors of c?
2, 5
Let q = -34 - -43. What are the prime factors of q?
3
Suppose -2*y - 114 = -2*z, -4*z + 247 - 37 = 2*y. What are the prime factors of z?
2, 3
Let z be 5 - 3 - 3 - -3. Suppose z = 2*u - 0. Suppose x = 4*i - 53, i - 9 + u = -5*x. What are the prime factors of i?
13
Let f(c) = 9*c**2 + 7*c + 6. Let t(g) = 8*g**2 + 6*g + 5. Let a(b) = -3*f(b) + 4*t(b). What are the prime factors of a(-3)?
2, 19
Suppose w + 2 = 1, -5*x - 139 = -w. Let b = x + 42. List the prime factors of b/(-21) + (-11)/(-3).
3
Let s(m) = m - 8. Let h be s(8). Let i = h - 0. List the prime factors of 9 + i + -2*1.
7
Let m(l) = -62*l - 1. Let f be m(-1). Suppose 4*p = 5*q - 109, 3*q + 2*p = -0*p + f. What are the prime factors of q?
3, 7
List the prime factors of (-778)/(-15) - (-4)/90*3.
2, 13
Suppose 4*o - 3*w = -6*w + 276, -w = -o + 69. What are the prime factors of o?
3, 23
Let p = -1 + 1. Suppose 0*b = -u - 3*b - 7, 5*u - 3*b - 37 = p. What are the prime factors of u?
5
Suppose 2*g + g = 0. Suppose 7*j - 3*j - 159 = 3*u, g = -u - 5. List the prime factors of j.
2, 3
Let f = 1 + 3. Suppose f = g + 2. Let y = 4 - g. What are the prime factors of y?
2
Suppose 3*n - 15 = -0*z + 5*z, 15 = 3*n. Suppose 13 + 7 = 5*j. Suppose z = j*o + 4*a - 80, -2*o + 32 = -0*o - 2*a. List the prime factors of o.
2, 3
Suppose 4*d - 3*g = -9, d = -2*d - 2*g + 6. Let j(h) = 4*h - 4*h + h + 8. List the prime factors of j(d).
2
Let u(h) = -h + 15. What are the prime factors of u(10)?
5
Let n = -15 - -6. List the prime factors of 4/(-2) + (2 - n).
3
What are the prime factors of (-2)/(-2) + -3 + 3 + 31?
2
Let o = 286 + -192. List the prime factors of o.
2, 47
Suppose 3*i + 5*d = 194 - 41, -2*i = 3*d - 103. What are the prime factors of i?
2, 7
Let w be 3/(-6)*(-4)/1. Suppose 0 = -w*r + 13 - 1. What are the prime factors of r?
2, 3
What are the prime factors of (-347)/(-6) - (-14)/84?
2, 29
Let t be ((-6)/9)/((-4)/18). Suppose 22 = t*g + 10. What are the prime factors of g?
2
Suppose -2*k - 2*h + 5*h = -5, -k + 5*h + 20 = 0. Let w = k + 9. What are the prime factors of 2 - 0 - -1*w?
2, 3
Let n(v) = v - 8. Let s = -13 - -22. Let j be n(s). What are the prime factors of (30/(-24))/(j/(-4))?
5
Let k = 2 + -1. Let a be k*2/(4/(-26)). Let r = -4 - a. List the prime factors of r.
3
Let u(n) = n**3 - 6*n**2 + n + 2. Let i be -1 - -1 - 2 - -8. Let x be u(i). Suppose -3*t + x*t = 25. List the prime factors of t.
5
Let a be 0 - (-1 + -1) - -9. Let q = a + -2. Suppose -p + q = -0*p. What are the prime factors of p?
3
Suppose 11 = 5*o - 49. Let f(l) = -l**3 + 11*l**2 + 13*l + 2. List the prime factors of f(o).
2, 7
Suppose c = 4*h - 7, -h - 3*c = c - 6. Suppose v - 33 = -h*p, -2*p - 4*v + 7*v = -45. What are the prime factors of p?
2, 3
Let d be (-14)/(-49) + (-488)/(-7). Suppose 0 = 3*b + 5*a - d, -20 = -3*a - a. What are the prime factors of b?
3, 5
What are the prime factors of (-5)/((-125)/(-15)) + (-376)/(-10)?
37
Let u(b) = -b**3 - b. Let m(y) = -3*y**3 - 5*y - 11. Let z(p) = -m(p) + 4*u(p). List the prime factors of z(0).
11
Suppose 6*g = g + 10. Let v be g + -2 - 6*-3. What are the prime factors of ((-12)/v)/((-2)/15)?
5
Suppose 3 = -4*f - 1. Let d be (-2 - f) + 2 + 14. What are the prime factors of 123/d + (-1)/5?
2
Let q = 15 - 12. Let d = q + 19. List the prime factors of d.
2, 11
Suppose -t = -0*d + 4*d - 1083, -4*d - 4*t + 1068 = 0. What are the prime factors of d?
2, 17
Let u(i) = i + 2. Let n be u(4). Let v = n - 1. List the prime factors of (-9)/(-12)*v*4.
3, 5
Suppose -3*g + 0*g + 93 = 0. What are the prime factors of g?
31
Suppose j - t + 4 = -5, 4*j + 39 = 5*t. List the prime factors of j/15 + 102/5.
2, 5
Suppose -414 = -7*g + 4*g. Suppose -5*x + g = 3. List the prime factors of x.
3
Let c = 4 + -2. Suppose -5*a + 86 = -4*z, -c*a - a = 4*z + 102. Let j = -16 - z. What are the prime factors of j?
2
Let w(d) = d**2 - 2*d - 6. Let c be -1 + 2 - 2 - 3. Let i be w(c). Suppose 0 = -4*r - o + i, -2*r - o + 3 = -r. List the prime factors of r.
5
Let m(i) = -i**3 + 4*i**2 - 3*i + 4. Let b be m(3). Let t(v) = v**3 - 3*v**2 - 3*v + 6. List the prime factors of t(b).
2, 5
Let z(c) = c - 3. Let i be z(5). Suppose i*n - 36 = -2*r, 8 = 3*n - 7. List the prime factors of r.
13
Let d(z) = z**2 + 5*z + 4. Let h be d(-3). Let r be ((-1)/3)/(h/30). Suppose -2*k + k = -r*t + 77, -4*t - 3*k + 54 = 0. What are the prime factors of t?
3, 5
Let h(b) = 20*b**2 + 3*b + 1. List the prime factors of h(3).
2, 5, 19
What are the prime factors of 50 + (-7*(-2 + 3) - -4)?
47
Let i(z) = -z**3 - 5*z**2 + 7*z + 8. Suppose 0*j - 4*j - 24 = 0. What are the prime factors of i(j)?
2
Let b be (-3)/(-2) - (-62)/(-4). What are the prime factors of (b + 0)*(-1)/2?
7
Suppose -6 = -4*r - 3*c, -2*r - 3*r = -4*c + 8. Suppose 21 = 3*h - r*h - 2*f, -5*h - 4*f = -35. What are the